at is the tens digit of d?
4
Suppose 30*r = 29*r - 3*l - 3, 4*l - 62 = -5*r. Let t(j) be the first derivative of -j**3/3 + 27*j**2/2 + 7*j - 1. What is the units digit of t(r)?
9
Let z be ((-1104)/(-18))/((-6)/(-9)) + 2. Suppose -6*i - z = -2464. What is the hundreds digit of i?
3
Let s be (-23)/2*(1 + -3). Let f(n) = 2*n**3 + 15*n**2 + 15*n + 11. Let x be f(-6). Suppose 22*d + x = s*d. What is the tens digit of d?
2
What is the tens digit of (-186 + 1)*(-309)/15?
1
Let t = -6981 + 23120. What is the tens digit of t?
3
Suppose -4*q - 22 = -18. Let w be (3/(-9))/(q/(-12)). What is the units digit of 4/(-14)*14/w?
1
Let o be 360/14*-105*(-20)/45. Let s = o - 518. Let k = s + -455. What is the tens digit of k?
2
Let h(q) = -q**2 - 7*q + 3. Let f be h(-7). Suppose -f*r + 1 = -3*s + 13, 2*s - 10 = 3*r. Suppose s*k - 36 = 8. What is the tens digit of k?
2
Let m be (25/10)/(4/104). Let x = m + 35. Suppose -x = -6*p + 2*p. What is the tens digit of p?
2
Suppose -12*r = -4*r - 56. Let w be (2 + 0)/(r/21). Suppose w*j + 6 - 42 = 0. What is the units digit of j?
6
Let n = 536 + -2356. What is the hundreds digit of (22/(-55))/(4/n)?
1
Let z = 106914 - 72561. What is the units digit of z?
3
Let q(x) = -x**2 - 6*x + 1. Let p be ((-6)/3 - -1)*5. Let j be q(p). Suppose 0 = -2*f + 3*v - v + 116, 2*v + j = 0. What is the units digit of f?
5
Let l = -15695 - -28290. What is the tens digit of l?
9
Let u(t) = -14*t - 7. Let d be u(-10). Suppose 4*k + 305 = s, 2*s + d - 704 = -5*k. What is the tens digit of s?
9
Let r = 226 + -214. Suppose r*v = -473 + 6713. What is the units digit of v?
0
Suppose -44*q = -41*q - 69. Let i = q - 19. Suppose -i*g = w - 46, -19 = -3*g - 3*w + 11. What is the tens digit of g?
1
Suppose 153*s + 4205850 - 12757397 = -196*s. What is the ten thousands digit of s?
2
Let y(j) = -11*j - 1. Let i be y(-1). Suppose -a - m + 6 + 0 = 0, 4*m - 3 = -a. Suppose a*u + 201 = i*u. What is the units digit of u?
7
Let y = 155 + -150. Suppose 5*u - y*i - 1535 = 0, 3*u + 0*i = 5*i + 919. What is the units digit of u?
8
Let i(h) = h**3 - 6*h**2 + 6*h**2 + 43*h + 25*h**2 - 7 - h**2. What is the hundreds digit of i(-21)?
4
Let t = -42 - -40. Let a = 6 - t. What is the units digit of 5/20 + 206/a?
6
What is the hundreds digit of -332*(-144)/64 - 17?
7
Let y(x) = 4*x**2 + 1. Let h be y(-1). Suppose 3*p = h*p + 3*p. Suppose -5*w + 312 + 268 = p. What is the units digit of w?
6
Let u(b) = -b**3 - 5*b**2 - 12*b - 10. Let t be u(-3). Suppose 0 = 13*f - t*f - 4*i - 4733, -4727 = -5*f + i. What is the tens digit of f?
4
Suppose -281*x + 33576 = 219*x - 81924. What is the units digit of x?
1
Let c(o) = 30*o**2 + 17*o - 19. Let j(p) = p**2 - p. Let u(i) = c(i) + j(i). What is the tens digit of u(5)?
3
Suppose 0 = y, 4*v + 2*y - 10587 = 2793. What is the thousands digit of v?
3
Suppose 212 - 14 = 22*t. Suppose 350 = t*r + 5*r. What is the units digit of r?
5
Let j(n) be the first derivative of -n**3/3 + 4*n**2 + 5*n - 218. Suppose 0*y - 2*y = -5*f - 39, 0 = 4*y - 3*f - 43. What is the tens digit of j(y)?
1
Let m(y) = -3412*y**3 - 3*y**2 + 52*y + 118. What is the ten thousands digit of m(-2)?
2
Let g be (33*5/15)/((-1)/7). Let b = g - -79. Suppose 5*u = b*u + 126. What is the tens digit of u?
4
Let p be (-136)/(-24) + 2/(-3). Suppose -v = p*w - 194, 2*w - 5*w = 9. What is the units digit of v?
9
Let i be 7 + -5 - 2*-1. Suppose 0 = -3*l - 9, -5*w + 4*w = i*l - 506. What is the hundreds digit of w?
5
Let f be 15/(-40)*-386*20/15. Let q = f - 131. What is the units digit of q?
2
Suppose -49*u + 12 = -45*u. What is the tens digit of -4 + 475/5*u?
8
Suppose 5*u - f = -176, -124 = 3*u + 2*f + 2*f. What is the thousands digit of 3336/6*u/(-16)?
1
Suppose -2*j - 7367 = -53*g + 50*g, -2*g + 4908 = -3*j. What is the thousands digit of g?
2
Suppose -i + 2*i = -0*i. Suppose i = -14*d + 84 - 0. Let z(s) = s**3 - 2*s**2 + 9*s - 4. What is the tens digit of z(d)?
9
Let f be -4*(9/2)/(-9). Suppose 3*v - 7 = f*v. Suppose -4*i + 62 = -2*w, -i - 4*w + 4 = -v. What is the units digit of i?
5
Let o(q) = -10*q - 164*q**2 - 15*q + 166*q**2 + q + 47 + 63. What is the tens digit of o(15)?
0
Let j = 25107 - 24182. What is the hundreds digit of j?
9
Let d(j) = -j**2 - 4*j + 9. Let w be ((-24)/(-4))/(-2) - (57 + 0). Let c = -64 - w. What is the units digit of d(c)?
9
Suppose -2*c = -3*u + 61250, 185*u - 180*u + c - 102079 = 0. What is the hundreds digit of u?
4
Let s = 4045 - 3512. What is the units digit of s?
3
Let n(v) = -v**3 + 65*v**2 + 76*v + 253. What is the hundreds digit of n(57)?
5
Suppose -3*y = -2*j - 790, -7*j + 5*j = -5*y + 1318. What is the hundreds digit of y*4/(-40)*-5?
1
Suppose -4*j = -5*p + 156, -3*j + 3*p - 35 - 82 = 0. Let i = 145 + j. Suppose -y + i = -64. What is the hundreds digit of y?
1
Let v = 25850 + -17160. What is the hundreds digit of v?
6
Let a = 39749 - 68525. What is the hundreds digit of (a/(-198))/((-1)/(-6)*4)?
2
Suppose -4*n = -h + n - 10, 3*h - 18 = -n. Suppose 52 = -3*b + o + 863, -5*b + 1325 = h*o. Suppose -5*i + 96 + b = 0. What is the tens digit of i?
7
Let k = -96 - -52. Let s(t) = 10*t - 383. Let v be s(13). What is the tens digit of (v/k)/((-2)/16*-2)?
2
Let a be 2 + (10 - 6) + -491. Let l = 815 + a. What is the units digit of l?
0
Suppose 240 = -2*n + 6*n. Let k(i) = 24 + 22 - 2*i - n + 23 + 5*i**2. What is the units digit of k(-4)?
7
Let w(i) = i**2 - 19*i - 33. Let m be w(21). Suppose -12*v + 1260 = -m*v - 4*y, 3*v = -2*y + 1242. What is the tens digit of v?
1
Let j be 316/24 - (-9)/(-54). Let t(g) = 2*g**3 - 17*g**2 - 9*g + 17. What is the units digit of t(j)?
1
Let t = -64297 + 92494. What is the hundreds digit of t?
1
Suppose 8*v + 4*y - 244 = 3*v, -2*v + 120 = -4*y. Suppose 66*s - v*s = 1806. What is the hundreds digit of s?
1
Suppose -20*w + 23*w = 144. Let z be 58/6 - w/72. Suppose 0 = 8*i - z*i + 99. What is the units digit of i?
9
What is the hundreds digit of (-8)/(-32)*-20 - -6949?
9
Let l be (4 - 0)*(36/(-16) + 3). Suppose 12 = 3*s, -n - 15 = -2*n - l*s. Suppose 0 = 14*y - n*y - 891. What is the units digit of y?
1
Let f = 227 - 131. Suppose -f = -z - 5*n, -2*z + 257 = 11*n - 14*n. What is the units digit of z?
1
Suppose -h - 5*q = -3045, -47*h + 51*h - 12126 = -2*q. What is the thousands digit of h?
3
Let s(q) = -2*q**3 + 16*q**2 - 15*q - 59. Let k(h) = -h**3 - h**2 - 3. Let y(w) = -3*k(w) + s(w). What is the hundreds digit of y(-19)?
2
Let m(h) = h**3 + 18*h**2 - 3*h - 24. Let z be m(-18). Let x be 14/2*(z/(-21))/(-5). What is the units digit of ((-160)/(-30))/(x/3)?
8
What is the units digit of (-478)/(-717)*94/4*1065?
5
Let d = 183 + -572. Let r = d + 795. What is the tens digit of r?
0
Let o be 4/(-26) - (-1197)/91. Let h(q) = q**3 - 12*q**2 - 13*q + 2. Let y be h(o). Suppose 400 = 6*l + y*l. What is the units digit of l?
0
Let n be (-33040)/64 - 20/(-16). Let t = n - -678. What is the hundreds digit of t?
1
Suppose -2*c = -2*u + 2, u = 3*u + 5*c + 33. What is the units digit of 113047/215 - 1*u/(-5)?
5
Suppose -3*d - 33 + 48 = 0. What is the units digit of -3 + d/1 + 160?
2
Let i(t) be the first derivative of 67*t**3/3 - 19*t**2/2 - 99*t - 82. What is the hundreds digit of i(-4)?
0
Let t(o) = o**2 - 6*o + 5. Let n be t(5). Let a be 0 - (-1 + (-2 + n - -3)). What is the tens digit of 3 + -1 - (a + -1 - 107)?
1
Let h be 3 - (4 + -7*2). Let d be (h/(-4) - (-54)/(-72))*-1. What is the units digit of d*(0/(-2) - -1)?
4
Let u = 7703 - 1321. What is the tens digit of u?
8
Let j = 36 + 30. Let t = j - 64. What is the tens digit of t/1 - (-16 - 71)?
8
Let d be (5 - 0)*34/(-1). Let s = -66 - d. What is the hundreds digit of s?
1
Suppose -3*s = 2*l - 24394, -1712*s - 4*l = -1713*s + 8136. What is the thousands digit of s?
8
Suppose -4*h + 0*q + q = -237, 0 = -2*h + q + 119. Suppose -29 - h = -8*w. Suppose 4*r - w*r = -336. What is the units digit of r?
8
Let r be (-3)/12*2 + 495/(-10). Let j(y) = 3*y**2 - 2. Let z be j(6). Let u = r + z. What is the tens digit of u?
5
Let q be -13 + (-20)/15*3. Let g = 26 + q. Suppose -172 = -g*h + 170. What is the tens digit of h?
3
Suppose 0 = 2*a + 4*y - 34530, 10 = -3*y - 2. What is the ten thousands digit of a?
1
Let c(o) = 3*o - 44. Let k be c(18). Let z(a) = 92*a - 92*a + a**2 + k. What is the uni